e of 1195?
False
Is 498 a factor of 6661746?
True
Is 31 a factor of 2899275?
True
Is 171240 a multiple of 10?
True
Is 3000697 a multiple of 73?
False
Is 8120 a multiple of 14?
True
Is 40 a factor of 292848?
False
Does 5 divide 279898?
False
Is 568571 a multiple of 31?
True
Does 723 divide 900671?
False
Does 116 divide 3046972?
True
Is 780285 a multiple of 5?
True
Does 1356 divide 538332?
True
Is 33241 a multiple of 3?
False
Is 815 a factor of 21321422?
False
Does 30 divide 388178?
False
Is 440 a factor of 36326?
False
Is 936243 a multiple of 441?
True
Does 125 divide 48500?
True
Does 29 divide 195258?
False
Is 42 a factor of 595980?
True
Does 732 divide 940620?
True
Does 232 divide 457664?
False
Is 3 a factor of 1141164?
True
Is 2 a factor of 1437?
False
Does 1139 divide 7520817?
True
Is 18351 a multiple of 3?
True
Is 16 a factor of 294256?
True
Does 11 divide 11369?
False
Is 49 a factor of 963830?
True
Does 5 divide 4591170?
True
Is 747 a factor of 2257434?
True
Is 16 a factor of 240864?
True
Does 335 divide 34138?
False
Is 36 a factor of 1034484?
False
Is 7026908 a multiple of 26?
False
Is 162723 a multiple of 26?
False
Is 1103019 a multiple of 133?
False
Does 413 divide 11337676?
True
Is 502 a factor of 11830787?
False
Is 3896681 a multiple of 624?
False
Is 114125 a multiple of 204?
False
Does 41 divide 645461?
False
Does 187 divide 455641?
False
Is 18768932 a multiple of 35?
False
Is 136 a factor of 24118?
False
Does 30 divide 263070?
True
Is 170298 a multiple of 19?
False
Does 542 divide 6815650?
True
Is 2069277 a multiple of 69?
False
Does 420 divide 267001?
False
Is 4001486 a multiple of 94?
True
Is 1170793 a multiple of 47?
False
Is 90 a factor of 221340?
False
Is 196 a factor of 979216?
True
Does 46 divide 196420?
True
Is 11608 a multiple of 14?
False
Does 6 divide 1113648?
True
Is 19 a factor of 1149785?
True
Is 52 a factor of 7227?
False
Does 85 divide 5985700?
True
Is 12512 a multiple of 148?
False
Does 625 divide 197500?
True
Is 22 a factor of 119010?
False
Is 679026 a multiple of 91?
False
Is 504 a factor of 6456388?
False
Does 12 divide 232728?
True
Is 158 a factor of 222780?
True
Does 206 divide 5576986?
False
Does 1578 divide 6460332?
True
Is 807652 a multiple of 51?
False
Does 172 divide 2285732?
False
Does 9 divide 859025?
False
Is 840434 a multiple of 545?
False
Is 490 a factor of 7533570?
False
Is 64 a factor of 701749?
False
Is 985 a factor of 19828050?
True
Is 23742 a multiple of 348?
False
Does 20 divide 28743?
False
Is 790225 a multiple of 69?
False
Is 1212 a factor of 9173628?
True
Does 312 divide 801507?
False
Is 50 a factor of 2211800?
True
Is 2396541 a multiple of 311?
False
Does 5 divide 386585?
True
Is 71523 a multiple of 27?
True
Is 61709 a multiple of 5?
False
Is 229300 a multiple of 25?
True
Is 29 a factor of 138316?
False
Does 112 divide 2993041?
False
Is 2009100 a multiple of 60?
True
Is 6913052 a multiple of 28?
False
Does 212 divide 47912?
True
Is 36 a factor of 475042?
False
Is 81737 a multiple of 666?
False
Is 9 a factor of 1344903?
False
Is 401 a factor of 5554629?
False
Does 13 divide 57385?
False
Is 5 a factor of 100420?
True
Is 154008 a multiple of 93?
True
Is 99 a factor of 402336?
True
Is 12478746 a multiple of 42?
True
Is 13 a factor of 63541?
False
Is 28729008 a multiple of 154?
True
Is 61 a factor of 334402?
True
Is 33059 a multiple of 3?
False
Is 4988037 a multiple of 59?
True
Does 29 divide 126411?
True
Does 14 divide 12576783?
False
Is 6 a factor of 2604461?
False
Is 570608 a multiple of 20?
False
Does 3 divide 6212263?
False
Is 243 a factor of 796311?
True
Does 23 divide 467590?
True
Is 6797544 a multiple of 78?
True
Is 159964 a multiple of 28?
True
Does 15 divide 812115?
True
Is 33 a factor of 857064?
False
Is 260260 a multiple of 72?
False
Does 163 divide 268353?
False
Is 577416 a multiple of 12?
True
Is 16400 even?
True
Does 22 divide 12011128?
False
Is 230 a factor of 173420?
True
Is 161 a factor of 45151?
False
Is 29 a factor of 10261?
False
Is 1179622 a multiple of 10?
False
Is 221 a factor of 336356?
False
Is 2212 a factor of 16395344?
True
Is 172262 a multiple of 30?
False
Does 33 divide 7142190?
True
Is 175 a factor of 179375?
True
Is 45936 a multiple of 195?
False
Is 1030 a factor of 1158750?
True
Does 11 divide 785895?
True
Is 5618889 a multiple of 39?
False
Is 110 a factor of 7474280?
True
Does 79 divide 7356917?
False
Does 8 divide 256968?
True
Is 1799 a factor of 6443398?
False
Is 9 a factor of 80856?
True
Is 52 a factor of 113634?
False
Is 21812955 a multiple of 255?
True
Is 1686972 a multiple of 35?
False
Is 10 a factor of 358780?
True
Is 24 a factor of 7743672?
True
Is 3074695 a multiple of 65?
True
Does 9 divide 23614731?
True
Does 38 divide 696998?
False
Is 252395 a multiple of 25?
False
Does 125 divide 570125?
True
Is 3175 even?
False
Does 14 divide 166418?
True
Is 26 a factor of 6807840?
True
Is 92064 a multiple of 12?
True
Is 405 a factor of 3299940?
True
Is 2107644 a multiple of 17?
False
Is 1109097 a multiple of 11?
True
Is 53 a factor of 452567?
True
Is 39 a factor of 680669?
False
Is 640 a factor of 224715?
False
Does 11 divide 1468166?
False
Does 142 divide 199084?
True
Is 5491643 a multiple of 2?
False
Is 173074 a multiple of 83?
False
Is 13 a factor of 59567?
False
Is 60060 a multiple of 70?
True
Is 667677 a multiple of 11?
False
Is 29192 a multiple of 178?
True
Is 14 a factor of 552062?
True
Is 28 a factor of 56494?
False
Is 55277 a multiple of 71?
False
Is 69888 a multiple of 19?
False
Does 16 divide 236815?
False
Does 267 divide 4930956?
True
Is 1755386 a multiple of 289?
True
Is 265 a factor of 1406317?
False
Is 600860 a multiple of 30?
False
Does 57 divide 822695?
False
Does 11 divide 1573000?
True
Is 446276 a multiple of 59?
True
Does 92 divide 3402?
False
Is 9329093 a multiple of 32?
False
Is 10 a factor of 774153?
False
Does 22 divide 1209714?
True
Does 21 divide 133455?
True
Does 9 divide 234495?
True
Is 8902710 a multiple of 379?
True
Is 185772 a multiple of 8?
False
Does 655 divide 604497?
False
Does 174 divide 171912?
True
Is 73 a factor of 921844?
True
Does 283 divide 1309724?
True
Is 17 a factor of 1143988?
False
Does 108 divide 1821161?
False
Is 591 a factor of 11617510?
False
Is 896478 a multiple of 117?
False
Is 1447 a factor of 6316155?
True
Is 556 a factor of 10365226?
False
Is 397 a factor of 1725362?
True
Is 793 a factor of 2048243?
False
Is 42446 a multiple of 45?
False
Does 23 divide 339100?
False
Does 3 divide 44432?
False
Is 836149 a multiple of 22?
False
Is 54 a factor of 890929?
False
Is 8 a factor of 49984?
True
Is 347 a factor of 179000?
False
Is 129442 a multiple of 82?
False
Is 396 a factor of 208801?
False
Does 20 divide 11300706?
False
Is 4798 a multiple of 193?
False
Does 18 divide 1973574?
True
Is 8 a factor of 16491?
False
Is 56942 a multiple of 71?
True
Is 189 a factor of 10928212?
False
Is 5194 a multiple of 49?
True
Is 211792 a multiple of 124?
True
Does 13 divide 95069?
True
Is 371472 a multiple of 12?
True
Is 153856 a multiple of 8?
True
Is 204 a factor of 49667?
False
Is 9468448 a multiple of 352?
True
Is 614 a factor of 11324616?
True
Is 440 a factor of 1958440?
True
Is 8 a factor of 78600?
True
Is 311477 a multiple of 41?
True
Is 2273800 a multiple of 100?
True
Is 94 a factor of 78125?
False
Does 15 divide 120494?
False
Does 2 divide 1525476?
True
Does 11 divide 313489?
True
Is 9 a factor of 7855239?
False
Is 468878 a multiple of 7?
False
Is 387 a factor of 640581?
False
Is 754 a factor of 31954520?
True
Is 6 a factor of 1436082?
True
Is 2 a factor of 152509?
False
Is 21 a factor of 410592?
True
Is 1305 a factor of 12183189?
False
Is 19 a factor of 5754959?
False
Does 90 divide 28783?
False
Does 16 divide 4313436?
False
Is 163919 a multiple of 11?
False
Is 603416 a multiple of 5?
False
Is 116 a factor of 178863?
False
Is 14 a factor of 164107?
False
Does 4 divide 71936?
True
Does 381 divide 222885?
True
Is 174127 a multiple of 31?
True
Is 5337378 a multiple of 549?
True
Is 19 a factor of 301948?
True
Is 3 a factor of 128602?
False
Does 405 divide 11207565?
True
Is 817390 a multiple of 10?
True
Is 60 a factor of 59640?
True
Is 15379181 a multiple of 1092?
False
Is 32 a factor of 16685?
False
Is 68 a factor of 172108